, 3
Let p(o) = -o**2 - 4*o + 2. Let j be p(-4). Let a be -3*1/j*(-49 + 47). Suppose 328 = a*u + u. What are the prime factors of u?
2, 41
Suppose -85*m + 3*f = -81*m - 38605, 0 = -3*m - f + 28970. List the prime factors of m.
5, 1931
Suppose 2*s = -5*i - 2, -2*i + 0*i - 8 = -s. What are the prime factors of s - 50/(-4)*106?
3, 443
Let s(o) = 4*o**2 - 10*o + 14. Suppose -3*b + 9 = -9. Let c be s(b). What are the prime factors of (1 - 3) + -2 + c?
2, 47
List the prime factors of 2/(-9 + ((-393112)/(-35736) - 2)).
3, 1489
Let d = 7023 + -5158. List the prime factors of d.
5, 373
Suppose 0 = -2*c - 362 + 366. Let x(j) be the second derivative of 3*j**5/20 - 5*j**3/6 + 7*j**2/2 + 2*j. What are the prime factors of x(c)?
3, 7
Suppose -2901 = -5*g + 329. Suppose -274 - g = -2*p. Suppose -5*b + 2*w = -3*b - p, w = -2*b + 466. What are the prime factors of b?
2, 29
Suppose 10 = -7*i + 2*i. Let d be (6/8)/(i + 76/32). Suppose -d*a + 182 = 14. List the prime factors of a.
2, 3, 7
Let k = 5423 + -41. List the prime factors of k.
2, 3, 13, 23
Let g = 144 - 88. Suppose 4*o - 5*f - 40 = 3*o, -4*o = -4*f - 80. Let u = g + o. List the prime factors of u.
71
Let m(f) = 1863*f**2 - 33*f - 90. List the prime factors of m(-3).
2, 3, 233
Suppose 13786 - 2894 = 7*k. What are the prime factors of k?
2, 389
Let b(z) = -z**2 - 2*z + 31. Let c be b(-6). Suppose -3*x - 220 = 3*j - c*j, -4*j + 5*x + 228 = 0. Suppose 88 = 4*t - j. What are the prime factors of t?
5, 7
Let q(l) = 13*l**2 + 7*l - 1. Let o be q(-8). Suppose 3055 - o = 6*a. List the prime factors of a.
2, 5, 19
List the prime factors of ((-623120)/30*8/(-64))/((-1)/(-9)).
3, 7789
Suppose -4*q - 18*x + 22260 = -14*x, 5*x = 4*q - 22314. List the prime factors of q.
3, 619
Let r = -2576 - -2968. What are the prime factors of r?
2, 7
List the prime factors of -5555*((-7)/(49/(-6)) + (-1800)/875).
2, 3, 11, 101
Let s be (22/4)/(2/(25 + -5)). Suppose -44*v = -s*v + 7898. What are the prime factors of v?
2, 359
Suppose -150*r + 142*r = 0, -2*u - 2*r = -27306. What are the prime factors of u?
3, 37, 41
Let l(f) = 159*f + 55. Let q be l(-3). Let i = q + 571. List the prime factors of i.
149
Suppose 9 = -l + 4*k, 5*l - 27 = -2*k + 16. Suppose 656 = 2*p - 4*t + l*t, p - 326 = -t. What are the prime factors of p?
2, 7, 23
Suppose 5*n = -b + 10, n + 3*b = 7 - 5. Suppose -n*c - 4*w + 794 = 0, 2*c + 5*w = 2*w + 793. List the prime factors of c.
5, 79
Suppose 35534 = 23*c - 43931. List the prime factors of c.
5, 691
Let a be (3 - 24/9)/(4/(-48)). Let h be ((-24)/(-36))/(a/(-2238)). Let p = h + -212. List the prime factors of p.
7, 23
Suppose 5*u - 22 - 38 = 0. List the prime factors of -6 + ((-5352)/u)/(2 - 3).
2, 5, 11
Suppose 6150 = 3482*t - 3480*t. What are the prime factors of t?
3, 5, 41
Let d(b) = -75*b - 18. Let n be d(-4). What are the prime factors of 2/(-8)*-4*n?
2, 3, 47
Let z = -7 - -5. Let u(g) = 6*g - g**2 + 238 - 231 - 28*g**3 - 5*g. List the prime factors of u(z).
3, 5
Let l be (-1 + -5)*(-2)/(-3). Let k be 29/(-9) - ((-64)/(-36))/(-8). List the prime factors of -20*(l - (k + 1)).
2, 5
Let n(a) = -11*a + 6. Let m be n(9). Let s = 146 + m. Suppose 4*f - 55 = s. List the prime factors of f.
3
Let m = 15054 - 7615. What are the prime factors of m?
43, 173
Suppose 25*j - 458582 = 13143. Suppose 62581 = 32*a + j. List the prime factors of a.
2, 683
Let i = -798 + -502. Let u = -818 - i. List the prime factors of u.
2, 241
What are the prime factors of 658625/660 + (-1)/(-12)?
2, 499
Let d(z) = z**3 + 35*z**2 + 75*z + 149. What are the prime factors of d(-26)?
4283
Let m = 8293 - 4599. What are the prime factors of m?
2, 1847
Let u(b) = -b**3 - 10*b**2 - 16*b - 58. Let r be u(-9). Suppose -28 = i + o - 110, r*o = i - 58. List the prime factors of i.
2, 3, 13
Let r(p) = -2*p**3 - 284*p**2 + 414*p + 764. List the prime factors of r(-145).
2, 23, 727
Let z(k) be the second derivative of 5/3*k**3 + 0 + 3*k**2 - 2*k. List the prime factors of z(4).
2, 23
Let s be 116/7 + 52/(-91). Suppose -4 = n, a + 3*n - 88 = s. What are the prime factors of a?
2, 29
Let s = -95 + 817. Suppose -2*f + p - 3*p = -s, f = 4*p + 341. List the prime factors of f.
3, 7, 17
What are the prime factors of ((-294)/(-63))/(3/135)?
2, 3, 5, 7
Let u(f) = -380*f + 1187. What are the prime factors of u(-9)?
17, 271
Let s be 48/(-144) + 1883/(-3). What are the prime factors of s/8*(-1)/(-2)*-16?
2, 157
Let g be ((-5 + 4221)/4)/2. Let m = 903 - g. List the prime factors of m.
2, 47
Let o(h) = -8*h. Let d be o(-1). Suppose d*g + 2835 = 15*g. List the prime factors of g.
3, 5
Let n be (-394)/(-18) - (-7)/63. Suppose -n*z + 4*m + 1204 = -20*z, 2*z - 3*m - 1205 = 0. List the prime factors of z.
2, 151
Suppose -2*i + v + 32888 = 0, -5*i + 11*v = 6*v - 82230. List the prime factors of i.
2, 8221
Let n(x) = x**2 + 222*x - 976. List the prime factors of n(80).
2, 3, 7, 23
Suppose 0 = 4*p + j - 77956, 8162 - 47158 = -2*p + 4*j. List the prime factors of p.
2, 5, 1949
Let r be ((-88)/(-20) - 4)*(-2 + -8). What are the prime factors of (-149856)/(-240) - (-5)/(50/r)?
2, 3, 13
List the prime factors of (-305*(-6)/18)/((-1)/(-66)).
2, 5, 11, 61
What are the prime factors of -4 + -7 - (-3 - 17284)?
2, 7, 617
Let l = -30486 - -86926. List the prime factors of l.
2, 5, 17, 83
Let u = 10 - 6. Suppose -n - 3*c + 112 = -c, 3*c + 459 = u*n. What are the prime factors of n?
2, 3, 19
Let g = -3140 - -3760. What are the prime factors of g?
2, 5, 31
Let k be (-6622)/(-5) + 0 - (-12)/(-30). Let z = k + -946. List the prime factors of z.
2, 3, 7
Suppose 5*w - 13812 = -4*a + 25235, 0 = 2*w + a - 15620. List the prime factors of w.
73, 107
Let b = 15452 + -7390. List the prime factors of b.
2, 29, 139
Suppose 94*c - 4*v + 23268 = 99*c, -18602 = -4*c + 3*v. List the prime factors of c.
2, 1163
Suppose 4*t - 3315 - 3957 = -4*d, 0 = 5*d - 3*t - 9114. List the prime factors of d.
3, 607
Let j(k) = k**3 - 11*k**2 - 12*k - 7. Let q be j(12). Let i be 1/(1/(-12))*q/14. Suppose -i*h + 465 = -h. List the prime factors of h.
3, 31
Let d(h) = 5*h**2 + 114*h + 1896. List the prime factors of d(-30).
2, 3, 31
Let p(t) = 25*t**2 + 3*t - 4. Let k be p(-3). Let w be (-2)/(-8) + (-2)/8. Suppose w*y - 2*y = -k. What are the prime factors of y?
2, 53
Suppose 0 = -15*f - 2*f + 19176. Suppose -4 = c - 2*c. Suppose 5*o - 1365 = -4*p, o = -3*o + c*p + f. List the prime factors of o.
277
Let y = 3960 - 2642. Suppose 434 = 3*b - y. What are the prime factors of b?
2, 73
Let i be 19*(8/10)/((-14)/770). Let z = i - -1964. What are the prime factors of z?
2, 3, 47
Let c = 4032 - -1649. What are the prime factors of c?
13, 19, 23
Let r be ((-140)/25)/((-8)/180). What are the prime factors of (-2086)/2*6/r*-6?
2, 149
Let z = 60949 + -27447. What are the prime factors of z?
2, 7, 2393
Let y(v) = 2366*v + 6. Let j be y(3). Suppose -17*z - 7*z + j = 0. What are the prime factors of z?
2, 37
What are the prime factors of (-9)/(-6)*714442/51?
21013
Let i be (-1)/((-2)/(-8)*(-21 - -19)). Suppose -2*f - i*c = -3*f + 50, 3*c = -5*f + 185. What are the prime factors of f?
2, 5
Let t(a) = -2106*a + 2824. What are the prime factors of t(-11)?
2, 5, 23, 113
Let i(s) = -728*s + 101. List the prime factors of i(-6).
41, 109
Let y = 22035 - 5162. What are the prime factors of y?
47, 359
Suppose 78*z = 95*z - 86054. List the prime factors of z.
2, 2531
Let u(p) = p + 13. Let v be u(-4). Suppose 7*h = 3*f + v*h - 1403, 4*f - 1886 = 5*h. List the prime factors of f.
7, 67
Let l(h) = 2*h**3 + 40*h**2 - 40*h + 33. Let u be l(-21). List the prime factors of (-231 - (u - -16))*5/(-2).
5, 7, 17
Let q be 3/(-2)*136/(-12). Let y(t) = -8*t - 2. Let u be y(5). Let r = q - u. What are the prime factors of r?
59
Suppose 0*f + 32184 - 134869 = -5*s + 3*f, 0 = -f. List the prime factors of s.
11, 1867
Suppose -5*c - 7*u + 3*u = 3980, -3215 = 4*c - 3*u. List the prime factors of ((-45)/(-20))/((-6)/c).
2, 3, 5
Let r(k) = 21*k**2 + 17*k - 34. Let z be r(-8). Let x = z - 621. List the prime factors of x.
7, 79
Let a = 118 - 33. Suppose -z + 2 = -a. What are the prime factors of 6*z/6 - 1?
2, 43
Let g(m) = -m**3 + 37*m**2 - 87*m - 26. Suppose 2*s - 6*s + 135 = -f, 4*s + 5*f = 141. List the prime factors of g(s).
2, 11
Suppose 36248 = 3*n +